1*662*(0 - y/(-4)) a prime number?
True
Let g(x) = -32*x - 10. Let p be g(14). Let y be -3 + 2 - (1 + 865). Let n = p - y. Is n composite?
False
Let x = 196 + -193. Suppose 4*v + x*f = 2034 + 2659, -3498 = -3*v + 5*f. Is v composite?
False
Let d(g) = -47*g**3 + g**2 + g + 3. Suppose 3*k - 6*k = 6. Let i be d(k). Let j = i - -10. Is j a composite number?
True
Let c(o) = 9*o**2 - 2*o + 572. Let z(p) = 3. Let l(a) = c(a) - 3*z(a). Is l(0) a composite number?
False
Let x be 262/14 + 6/21. Suppose x*v - 21873 = 24164. Is v a prime number?
True
Let o = 6035 - 8717. Let y = 447 + o. Is (-6)/(-5)*y/(-6) a composite number?
True
Let l be (-190)/(-4)*-9*6/(-135). Suppose 0 = -z + 5*w + 16062, 80440 = 5*z + l*w - 18*w. Is z a composite number?
False
Suppose 21*q - 2917838 = 7*q. Is q a prime number?
False
Let t = -18 - -21. Suppose 6 = c + o, -5*c + 12 + 42 = -t*o. Suppose 1743 = -c*h + 6702. Is h composite?
True
Let k = 5113 - -15816. Is k composite?
False
Suppose 102098 = 3*l - 78199. Suppose -112565 = -8*h + l. Is h prime?
False
Let l = 74716 - 44697. Is l a prime number?
False
Let z = -11 + -1. Let a be 414/8 + z/(-48). Is 7722/a - (-2)/4 composite?
False
Is ((-200)/(-16) - 11)*(-15462376)/(-12) a composite number?
False
Let t(b) = -129*b**2 + 4*b + 44. Let d(j) = -127*j**2 + 5*j + 43. Let q(z) = -4*d(z) + 3*t(z). Is q(-11) prime?
False
Let v = 2075 + 1476. Suppose 3552 = 7*t - 5*t + 2*d, -2*t - 3*d + v = 0. Is t composite?
False
Is 528513 + 2 + (9 + (-290)/30)*9 composite?
False
Suppose 0 = 3*u + 49*y - 46*y - 60465, u - 4*y = 20185. Is u a composite number?
False
Let z = -895057 + 1421658. Is z prime?
True
Let b(d) = d**2 - 3*d + 5. Suppose 0*z - 26 = -2*z. Let a be b(z). Let l = a + 236. Is l a prime number?
False
Let x = 24383 - 39741. Let c = 43871 + x. Is c a prime number?
True
Is 18/117 + (1 - (-146349310)/65) prime?
False
Let i(f) = 33*f**2 - 6*f - 794. Is i(-45) a prime number?
True
Suppose 4*d - 292353 - 262411 = 0. Is d/77 - (-2)/(-11) composite?
False
Is (53254/5)/(-9*9/(-405)) a prime number?
False
Let h be (-24)/48*(2 + (900 - 2)). Let b = h - -11087. Is b composite?
True
Let l be (2/(-4))/1*(6 - 10). Suppose 2 - 4 = -c + 3*z, -l*c + 5 = -5*z. Suppose 0*w + 4*w + 4755 = 5*q, -5*w = c*q - 4710. Is q composite?
False
Let h(n) = -436*n - 158. Let g be h(26). Is (0 + (-6)/2)/(6/g) prime?
False
Suppose 910199 = 5*h - 4*v + v, 0 = h + v - 182043. Is h a prime number?
True
Let w(i) = -57*i**3 + 20*i + 5 - 39*i + 15*i. Is w(-4) a prime number?
False
Let x be (-11)/44 + ((-415)/4)/5. Is (x/(-35))/(2070/(-2075) - -1) a prime number?
False
Suppose -184 = -5*s - 4*r, -2*s + r = -5*s + 116. Let t = 42 - s. Is 2 + t + -7 - -296 a prime number?
True
Suppose -100257 = -31856*v + 31853*v. Is v composite?
True
Let k be ((0 - -1)/1)/((-6)/(-85758)). Suppose -3*d = 3*o - 11913, 5*d - o = k + 5538. Is d a prime number?
True
Let p(x) = -5667*x**3 + 2*x**2 + 4*x + 2. Let o be p(-1). Suppose -3*c = -15, 3*y + 5*c - o = 4858. Let v = -2181 + y. Is v composite?
False
Let w(i) = 119*i**2 + 2*i - 25. Suppose 21*x = 156 - 30. Is w(x) prime?
True
Suppose -24516 = -4*y + 4*l, 3*y - 17548 = -2*l + 864. Is y a composite number?
True
Let k(x) = -23045*x**3 - 2*x**2 + 3*x + 3. Is k(-2) a prime number?
False
Let v be (-46 - -49)*626/6. Let b = v + 906. Is b prime?
False
Let v(h) = 59*h - 9. Suppose -2*l + 14 = 4*y, l = 5*y - 3*l - 11. Let a be v(y). Suppose 3*b - 3*c = a, 0*c - 234 = -4*b - c. Is b a composite number?
True
Suppose 22*q = 21*q + 5*b + 12, 0 = b + 1. Suppose -2566 + 15824 = q*h. Is h composite?
True
Suppose 3*f - 36877 = 5*t + 115126, -3*f - t + 152015 = 0. Is f a composite number?
False
Let z(l) = 8*l**2 + 70*l + 255. Is z(32) prime?
True
Let k(i) = 0*i**3 + 245 + 2*i - 3*i**2 + i**3 - 244. Let u be k(3). Suppose -24*n + u*n = -24463. Is n composite?
False
Let w = -35527 + 180261. Is w a prime number?
False
Let s be ((-80)/15 + 2)/((-4)/78). Suppose 4*k + 9*k - s = 0. Suppose 0 = -k*w + 1692 + 73. Is w a prime number?
True
Suppose -48*l + 15044449 + 37859178 = -39741509. Is l prime?
False
Let l be (-9)/(-6)*(-100)/(-15). Let s(m) = -2*m + 32. Let i be s(l). Is i/12*(218 + -1) a composite number?
True
Suppose 5*z - 2*n = 177 + 34, 4*z = -4*n + 152. Suppose z*v - 649 = 40*v. Is v composite?
True
Suppose -5*a - i + 863 = 3*i, 0 = 5*a + i - 857. Suppose 4*v - v = 4*k + a, 0 = 2*k - 6. Let z = v - -1398. Is z prime?
True
Suppose k + 3*w - 12749 = 0, -342*w - 20 = -347*w. Is k prime?
False
Let r be 4 + -3 - (-3 + 1 - 1). Suppose m + 3*i - 923 = 0, r*m - 3916 = -2*i - 264. Is m prime?
True
Suppose -5961 + 361 = -4*h. Suppose -v + 4*g + 1402 = -g, h = v - 3*g. Is v a composite number?
True
Let f be -2*1 + (8 - (-5 - -6)). Suppose f*l + 3*u = 1521506, -u = l + u - 304304. Is ((-3)/(-2))/(-3) + l/136 a composite number?
False
Let t = 125 - 35. Let d = t + -94. Is ((-4876)/(-6))/((24/(-9))/d) a prime number?
False
Suppose -4*v + 462556 = -4*y, y - 1 + 7 = 0. Is v a prime number?
False
Suppose 68 - 75 = l. Let x(s) = -49*s + 38. Is x(l) prime?
False
Let c(i) = 8*i**3 + 14*i**2 + 15*i + 23. Let r be c(-9). Let w = 491 + r. Let l = w - -6822. Is l prime?
True
Let n be 1 + -4 + (-4)/(-2). Suppose -5*i - 20*r + 26 = -17*r, i - 5*r = 22. Is i/((2 + -3)/(-1)) + n composite?
True
Let r = 799431 + -568454. Is r a prime number?
True
Suppose 12*o = -5057 - 4015. Let u = o - -3739. Is u a composite number?
True
Let p(r) = 4*r**2 + r. Let t be p(1). Suppose -11013 + 2050 = -4*q + 3*h, 25 = -t*h. Is q a prime number?
True
Let m(a) = -a**3 + 8*a**2 + 3*a - 19. Let i be m(8). Suppose 12*k - i*k + 7 = 0. Is (-68)/k + -4 + 3 a composite number?
False
Let b = -72136 + 29109. Let p = 70442 + b. Is p composite?
True
Suppose -12 = -44*y + 48*y, -2*y - 88860 = -6*n. Is n a composite number?
True
Let q = 14 - 12. Suppose 6*x + 12 = 3*x + q*a, -5*a = -x + 9. Is ((-80)/6 - 2)*x + 2 composite?
True
Suppose d = 3*b - 3, 3*b + 3 = 6*b + 5*d. Let o(c) = 8 + 23*c + b - 21. Is o(5) a composite number?
False
Let y = -5595 - -9568. Is y composite?
True
Suppose -b = -2*o - 71, -5*b + 3*b = -3*o - 144. Let y = 149 - b. Let f = y - -2373. Is f a composite number?
False
Let r be (-3)/(-7) - (-4671)/(-21). Let y = -74 + r. Let o = y - -798. Is o prime?
False
Let u be (-312678)/(-72) - 1/(-4). Let y = u - -1070. Suppose -2001 = 4*b - y. Is b composite?
False
Suppose -5845 = -36*f + 31*f. Let q = 1752 - f. Is q a prime number?
False
Suppose -3*v = 4*j + 13, -13*v + 1 = -15*v + 5*j. Is 753 - ((-3*6)/3)/v a composite number?
False
Is ((-3)/18)/(32/(-10085952)) composite?
True
Let o = 55671 + -35348. Is o composite?
False
Suppose -5*o - 2 = -17. Suppose w + 5*s - 15 + 54 = 0, o*s = -4*w - 173. Is 1 + (-11)/(w/4120) a prime number?
True
Let z(o) = o**3 + 24*o**2 - o + 18. Suppose 57 = 6*u - 9*u. Let b be z(u). Suppose 6*x - b = -0*x. Is x prime?
True
Suppose -7*h - 3*h - 24160 = 0. Let y = 3443 + h. Is y a prime number?
False
Suppose -11*s + 135294 = -8*s. Suppose 3*v - 2*y = 33822, -s = -5*v + v + 2*y. Is (0 - 1)*v/((-16)/4) a composite number?
False
Let q = 89 - 84. Let k(a) = 14*a**2 - 11*a + 10. Let x be k(9). Suppose -5285 = -q*v + 2*h, v - x = -2*h - 0*h. Is v prime?
False
Let b = 229208 + -157507. Is b a prime number?
False
Suppose 0 = -4*a + 12*a - 48. Is (-12)/(-8)*(-2 + 8528/a) prime?
True
Suppose -13*a + 1408 = -17*a. Let k = 3825 - a. Is k a prime number?
True
Let j = -10040 + 16393. Is j composite?
False
Suppose 20054360 = 1065*z - 1025*z. Is z composite?
True
Let s(z) be the third derivative of -z**5/60 - 11*z**4/24 - z**3/3 - 7*z**2. Let o be s(-11). Is (-2)/((-6)/6453) + o a prime number?
False
Suppose 2*b - 247791 = -v - 31816, 3*v = -b + 647930. Is v composite?
True
Let x = -605915 - -878974. Is x a prime number?
True
Suppose 5*h = 2*z - 281120, -z + 81*h = 86*h - 140545. Is z a composite number?
True
Suppose x = -687 - 109. Let a(k) = 115*k - 7. Let f be a(10). Let z = f + x. Is z composite?
False
Let x(c) = c**2 - 7*c - 2. Let d be x(8). Suppose 4 = d*l + 58. Is (-93530)/(-90) - (-2)/l a composite number?
False
Let k(u) = 4*u**3 + 3*u**2 + 9*u + 22. Let b be k(-4). Let f = b + 1129. Is f a composite number?
False
Suppose -49 = 11*g - 4*g. Let v(j) = -j**3 - 7*j**2 + 3*j - 13. Let i be v